 -16*t - 19743 = -56383. What is the units digit of t?
0
Let o = -3 + 8. Suppose -l + 2*j = o*j + 7, -6 = 2*l + 4*j. Suppose -2*t = -l*k - 27, -6*t - 2*k = -t - 24. What is the units digit of t?
6
Let k(b) = -126*b + 41. Let r be k(-8). Suppose -17*d = -r - 583. What is the tens digit of d?
9
Suppose -4*j + 656 = 2*z, j - 3*j - 5*z + 312 = 0. Let h = j - 58. What is the units digit of h?
8
Suppose 4*l = -3*u + 131, 211 = 5*u + 5*l - 2*l. What is the tens digit of u?
4
Let l = -9 - -1847. What is the thousands digit of l?
1
Let b = 21 - 19. Suppose -6*o + 4*m = -4*o - 2, 4*o = -b*m + 14. What is the units digit of (4/2 - -11)*o?
9
Suppose 0 = 2*f + 591 - 1477. Let p = f + -156. What is the units digit of p?
7
Suppose 8 = 3*m - 2*h, -3 + 1 = -2*m + 2*h. Suppose m*o + 45 = 7*o. What is the tens digit of o?
4
Let v be (-114)/(-8) + 1/(-4). Suppose -5*f = -t - 2*f - 4, -5*t - 2*f + v = 0. Suppose 0 = -t*w + 14 + 18. What is the tens digit of w?
1
Let b = -73 + 82. Suppose 0 = -b*w + 1093 + 482. What is the hundreds digit of w?
1
What is the tens digit of 12/(-22) + (-30509)/(-11)?
7
Let r = -12 + 17. Suppose 3*n + 5*c - 83 = 0, r*c + 11 + 14 = 0. What is the units digit of n?
6
Suppose 0 = 2*f + 4, 0 = -2*k + 2*f - 7 - 59. Let b = k + 87. What is the units digit of b?
2
Let g(u) be the second derivative of u**3/2 - 4*u**2 - 6*u. Let s be g(6). Let l(n) = n**2 - 6*n - 12. What is the tens digit of l(s)?
2
Let k(r) = 11*r - 17. Let c(a) = -a**3 + 4*a**2 + 6*a - 1. Let z be c(4). Suppose -5*h + 12 = -z. What is the tens digit of k(h)?
6
Let o(s) be the second derivative of -1/4*s**4 + s + 1/10*s**5 + 1/2*s**2 + 0 + 1/3*s**3. What is the units digit of o(2)?
9
Let g = 37 - 22. Let b = 7 - g. Let c(h) = h**2 + h - 16. What is the units digit of c(b)?
0
Let j = 0 + 4. Suppose 220 = t + j*t. Suppose 4*g = t + 36. What is the tens digit of g?
2
Let q(u) = 5*u - 10. Let i = -15 - -25. What is the tens digit of q(i)?
4
Let q(b) be the third derivative of b**4/12 + 103*b**3/6 + 18*b**2. What is the units digit of q(0)?
3
Suppose -5*a + 30 = 3*h - 9, -2*a + 18 = 2*h. Suppose 3*p - 15 + a = 0. What is the units digit of (p + 1)/((-6)/(-51))?
4
Let x(g) = 45*g + 284. What is the thousands digit of x(27)?
1
Suppose -3*x - 3*p = 0, 0*x - 5*p = 4*x + 2. Let k(t) = t + 6 - 4 - 3 + 2*t**3. What is the tens digit of k(x)?
1
Let q = 216 - 170. What is the tens digit of q?
4
Let k = 37 - 44. Let r(x) = x**3 + 5*x**2 - 4*x + 2. Let o be r(-4). Let b = k + o. What is the tens digit of b?
2
Let h(f) = -f + 8. Let q be h(5). Suppose -2*l + q*b = -103, 2*b - 106 = -2*l + 4*b. What is the units digit of l?
6
Let g(m) = 4*m**2 - 6*m + 4. Let x be g(2). What is the units digit of (260/8)/(4/x)?
5
Suppose -5*p - 4*c + 9*c = -160, -5*c + 8 = p. Let o = 88 - p. What is the units digit of o?
0
Let c be 1*(-4)/((-8)/6). Suppose 5*z - 36 - 12 = -i, 0 = c*i - 5*z - 184. Suppose -n - 85 = -5*q + 4*n, 0 = 4*q - 2*n - i. What is the units digit of q?
2
Let y(j) = -23*j + 21*j**2 + j**3 - 22*j + 13*j - 32. What is the tens digit of y(-22)?
8
Let m = 305 + -243. What is the units digit of m?
2
What is the hundreds digit of (282/2)/((-5)/(-15))?
4
Let p(b) = -3*b**2 + 14*b + 4. Let z(j) = 3*j**2 - 15*j - 5. Let c(q) = -6*p(q) - 5*z(q). What is the tens digit of c(4)?
1
Let u be 4/10 + 62/(-5). Suppose -2*c + 8 = 2*c. What is the tens digit of c/3*(-198)/u?
1
Let o(q) be the second derivative of q**4/12 + 4*q**3/3 + 9*q**2/2 - 8*q. Let n be o(-7). What is the tens digit of 392/16 - n/4?
2
Let q = -28 - -33. Suppose q*h = -50 + 280. What is the units digit of h?
6
Let c = -3 + 4. Suppose -c = -l + 2. Suppose w + w = -3*n + 30, l*w = 2*n - 33. What is the tens digit of n?
1
Let z = 88 - 52. Suppose -3*q - 4 = -4*n - z, -3*n - 15 = 0. Suppose -4*p + v - q = -3*v, -2*p = v - 13. What is the units digit of p?
4
Let f(i) = -i**3 - 4*i**2 - 2*i + 5. Let c be f(-3). What is the units digit of (c/(-5))/((-1)/120)?
8
Suppose 1858*q = 1849*q + 3357. What is the units digit of q?
3
Let h(z) = -z**3 + 8*z**2 - 2*z - 9. Let s(x) = x**3 - 6*x**2 + x - 4. Let o be s(6). Suppose 4*r = o*r + 14. What is the units digit of h(r)?
6
Let y = 5 - -9. Let w = -56 + 58. Let c = y - w. What is the units digit of c?
2
Suppose -1 + 65 = -5*l + 4*j, 5*j + 31 = -3*l. Let p be (6/(-4))/(l/24). What is the tens digit of (4/(-2))/(p/(-48))?
3
Suppose -3*c = -0*i + 3*i - 126, i = -3*c + 42. Suppose t = o - 61, -5*o - 5*t = -318 - 17. Let j = o - i. What is the tens digit of j?
2
Let p(b) = b**3 + 14*b**2 + 14*b - 14. Let h be p(-13). Let q = -15 - h. What is the tens digit of q?
1
Let i(f) = -4*f**3 - 12*f**2 - 33*f + 22. What is the hundreds digit of i(-9)?
2
Suppose 76 = -4*i - 4*d + 468, 4*i - 394 = -2*d. What is the units digit of i?
9
Suppose -4*c - 2*k = -16800, 5*c + 14*k = 19*k + 20985. What is the units digit of c?
9
Suppose -20*j - 9051 + 29291 = 0. What is the hundreds digit of j?
0
Suppose -2*y + 2*r - 12 = -r, 5*r - 20 = 0. Suppose -l - 3*t + 290 = y, -4*l + t + 998 = -110. What is the tens digit of l?
7
Let r = 123 - 163. What is the tens digit of (-1711)/(-10) + 4/r?
7
Let f(h) = 1809*h**2 - h + 1. What is the units digit of f(1)?
9
Let r(u) = -3*u - 22. Let v be r(-10). Suppose -i = -52 + v. What is the units digit of i?
4
Suppose 30 = -10*a + 80. Suppose a*o - 2*t = 321, -2*t - 214 = -3*o - 19. What is the units digit of o?
3
Let p = 18 + -9. Suppose -3*o - 30 = -p*o. What is the units digit of o?
5
Suppose -4*f = 8*f + 21648. Suppose 0 = -3*d - 3*n - 3, -d - 4*n + 24 = -4*d. What is the tens digit of f/(-33) + d/6?
5
Let z = -354 - -458. What is the tens digit of z?
0
Let h(k) = k**3 - 4*k**2 - 4*k - 2. Let t be h(5). Suppose 5*f = t*y - 148, 5*y + 39 - 275 = 3*f. What is the tens digit of y?
4
Suppose -4*t + w = 37, -3*t + w = 2*t + 46. Let p = -4 - t. Suppose p*b + 4 = 9*b. What is the units digit of b?
1
Let z be (-40)/(-7) + 6/21. Suppose 38 = 8*f - z*f. Suppose -b = 3*u - f, -29 = -5*b + 5*u + 106. What is the units digit of b?
5
Suppose -2*v - 5 - 7 = 0. Let i be (-3)/v*(-12)/(-1). Let r = 44 + i. What is the units digit of r?
0
Suppose 12*x - 108 = 8*x. Let p = x - 10. What is the units digit of p?
7
What is the units digit of (-62 - -68)/(1/79*1)?
4
Let x = -34 - -65. Suppose -o - 87 = x. Let y = -68 - o. What is the units digit of y?
0
Suppose 2*w - 630 = 2*k - 3*k, -4*w = 3*k - 1890. What is the units digit of k?
0
Let j = -39 + 39. Suppose 5*c + w = 36, j = c - 4*w + w - 4. What is the units digit of ((-10)/7 - -2)*c?
4
Suppose 8*m - 690 = 2*m. Suppose 4*x = -x + m. What is the tens digit of x?
2
What is the thousands digit of (246/205)/(1 - 7986/7990)?
2
Suppose -4*a = -16 - 0. Suppose -u + 1 = 3*l, 8 + a = 2*u + 4*l. Suppose -5*r = 3*t - 0*t - 12, 4*t = r + u. What is the units digit of t?
4
What is the units digit of (4 - (-14)/(-4))*1275*2?
5
Let s(t) = t**2 + t + 1. Let j(w) = -4*w**2 - 2*w - 6. Let y(r) = -j(r) - 3*s(r). Suppose 5*g - 5 = -4*l, -3 = -3*l - 3*g + 3. What is the units digit of y(l)?
3
Let q = 17 - 13. Let o(f) = 5*f**2 - 8*f. Let l be o(q). Suppose -l = -2*t - 2*j, 3*t - 96 = 2*j + j. What is the units digit of t?
8
Let b = 7 - 4. Suppose -9 + b = -3*a. Suppose a*l - 4 = 20. What is the units digit of l?
2
Let w(n) = 8*n**2 + 12*n - 74. What is the hundreds digit of w(7)?
4
Let c = 3555 + -1705. What is the units digit of c?
0
Let j = 5106 - 2211. What is the thousands digit of j?
2
Suppose -7*s + 15192 = 17*s. What is the units digit of s?
3
Let i(j) be the second derivative of -j**5/10 - 5*j**4/12 + j**3/6 + j**2/2 - 20*j. What is the units digit of i(-5)?
1
Let m(b) = -86*b - 57. What is the tens digit of m(-5)?
7
Let t(r) = -3*r - 8. Let l be t(-4). Let c be l/(-1)*18/12. Let s(p) = -2*p + 4. What is the tens digit of s(c)?
1
Let u(w) = -95*w - 2. Let g be u(-1). Let x = g - 50. Suppose -3*j + 34 = -4*a, -4*j - 5 + x = 2*a. What is the units digit of j?
0
Let o be (-4)/((-1 - 0) + 0). Suppose 5*g = -2*y + 461, 4*y + 74 = o*g - 306. Suppose -6*k + g = -3*k. What is the units digit of k?
1
Let p = 544 - 142. What is the hundreds digit of p?
4
Let p(m) be the second derivative of m**4/4 - 4*m**3/3 + 3*m**2 - 6*m. What is the units digit of p(5)?
1
Suppose -463 = -4*g - 